{"id":13352,"date":"2026-01-04T21:24:50","date_gmt":"2026-01-04T21:24:50","guid":{"rendered":"https:\/\/polikistikover.net\/yeni\/?page_id=13352"},"modified":"2026-01-22T02:22:07","modified_gmt":"2026-01-22T02:22:07","slug":"polikistik-over-cikolata-kisti-mi","status":"publish","type":"page","link":"https:\/\/polikistikover.net\/yeni\/polikistik-over-cikolata-kisti-mi\/","title":{"rendered":"Polikistik Over ve \u00c7ikolata Kisti (Endometriozis)"},"content":{"rendered":"\n<p class=\"has-text-align-center\"><mark style=\"background-color:rgba(0, 0, 0, 0)\" class=\"has-inline-color has-dark-pink-color\"><strong>Endometriozis her adet kanamas\u0131nda d\u00f6k\u00fcl\u00fcp at\u0131lan rahim i\u00e7 tabakas\u0131n\u0131n (endometrium) rahim d\u0131\u015f\u0131nda yumurtal\u0131k gibi ba\u015fka organlarda ortaya \u00e7\u0131kmas\u0131d\u0131r.<\/strong><\/mark><\/p>\n\n\n\n<p class=\"has-text-align-center\"><strong><mark style=\"background-color:rgba(0, 0, 0, 0)\" class=\"has-inline-color has-dark-pink-color\">Endometriozis ve Polikistik over sendromu adet d\u00fczensizli\u011finin en s\u0131k g\u00f6r\u00fclen iki nedenidir. \u00dcreme \u00e7a\u011f\u0131ndaki kad\u0131nlarda bu iki hastal\u0131k ayr\u0131 ayr\u0131 g\u00f6r\u00fclebildi\u011fi gibi birlikte de g\u00f6r\u00fclmektedir. <\/mark><\/strong><\/p>\n\n\n\n<p class=\"has-text-align-center\"><strong>Polikistik over sendromunda yumurtal\u0131kta \u00fcretilen testosteron fazlal\u0131\u011f\u0131 vard\u0131r. Endometriozis te ise testosteron azl\u0131\u011f\u0131 g\u00f6r\u00fcl\u00fcr. Bu her iki hastal\u0131\u011f\u0131n da ayn\u0131 kad\u0131nda olmas\u0131 durumunda Endometriozis tedavisinde kullan\u0131lan ve \u00f6zelikle testosteronu artt\u0131ran ila\u00e7lar polikistik over sendromunu k\u00f6t\u00fcle\u015ftirece\u011fi i\u00e7in tercih edilmemelidir.<\/strong><\/p>\n\n\n\n<p class=\"has-text-align-center\"><strong>Polikistik over sendromunda yumurtlaman\u0131n ve adet kanamas\u0131n\u0131n olmas\u0131 i\u00e7in tedavi yap\u0131l\u0131rken Endometriozis de ise temel ama\u00e7 polikistik over tedavisinin tam tersi yumurtlama ve adet kanamas\u0131n\u0131n engellenmesidir. \u00c7\u00fcnk\u00fc bu kad\u0131nlarda yumurtlama ve adet kanamas\u0131 olmas\u0131 endometriozis odaklar\u0131n\u0131n artmas\u0131na ve \u015fikayetlerin \u015fiddetlenmesine neden olmaktad\u0131r. Polikistik over sendromu olan yumurta geli\u015fimi ve yumurtlamas\u0131 olmayan kad\u0131nlarda do\u011fal olarak endometriozis belirti ve \u015fikayetleri azalmaktad\u0131r.<\/strong><\/p>\n\n\n\n<p class=\"has-text-align-center\"><strong>Polikistik over sendromunun yumurta geli\u015fimi ve yumurtlama (ovulasyon) sorunu olan <a href=\"https:\/\/polikistikover.net\/yeni\/grup-a-polikistik-over-sendromu\/\"><mark style=\"background-color:rgba(0, 0, 0, 0);color:#f23405\" class=\"has-inline-color\">Grup A<\/mark><\/a> ve <a href=\"https:\/\/polikistikover.net\/yeni\/grup-b-polikistik-over-sendromu\/\"><mark style=\"background-color:rgba(0, 0, 0, 0);color:#fd0707\" class=\"has-inline-color\">Grup B<\/mark><\/a><mark style=\"background-color:rgba(0, 0, 0, 0);color:#f60101\" class=\"has-inline-color\"> <\/mark>gruplar\u0131na giren kad\u0131nlarda Endometriozis de g\u00f6r\u00fcl\u00fcrse tedavi \u00f6nceli\u011fi belirlenmelidir. \u00c7\u00fcnk\u00fc birinde yumurtlama olmas\u0131 i\u00e7in di\u011ferinde ise olmamas\u0131 i\u00e7in tedavi planlamas\u0131 gerekmektedir. Bu kad\u0131nlarda tedavinin \u00f6nceli\u011fi Endometriozise ba\u011fl\u0131 a\u011fr\u0131 ve d\u00fczensiz adet kanamas\u0131 \u015fikayetlerinin \u015fiddetine bunlar\u0131n g\u00fcnl\u00fck i\u015flerini yapmas\u0131n\u0131 engelleyip engellemedi\u011fine ve yak\u0131n zamanda \u00e7ocuk isteyip istemedi\u011fine g\u00f6re belirlenir.<\/strong><\/p>\n\n\n\n<p><\/p>\n\n\n\n<p><\/p>\n","protected":false},"excerpt":{"rendered":"<p>Endometriozis her adet kanamas\u0131nda d\u00f6k\u00fcl\u00fcp at\u0131lan rahim i\u00e7 tabakas\u0131n\u0131n (endometrium) rahim d\u0131\u015f\u0131nda yumurtal\u0131k gibi ba\u015fka organlarda ortaya \u00e7\u0131kmas\u0131d\u0131r. Endometriozis ve Polikistik over sendromu adet d\u00fczensizli\u011finin en s\u0131k g\u00f6r\u00fclen iki nedenidir. \u00dcreme \u00e7a\u011f\u0131ndaki kad\u0131nlarda bu iki hastal\u0131k ayr\u0131 ayr\u0131 g\u00f6r\u00fclebildi\u011fi gibi birlikte de g\u00f6r\u00fclmektedir. Polikistik over sendromunda yumurtal\u0131kta \u00fcretilen testosteron fazlal\u0131\u011f\u0131 vard\u0131r. Endometriozis te ise testosteron [&hellip;]<\/p>\n","protected":false},"author":1,"featured_media":0,"parent":0,"menu_order":0,"comment_status":"closed","ping_status":"closed","template":"","meta":{"footnotes":""},"class_list":["post-13352","page","type-page","status-publish","hentry"],"_links":{"self":[{"href":"https:\/\/polikistikover.net\/yeni\/wp-json\/wp\/v2\/pages\/13352","targetHints":{"allow":["GET"]}}],"collection":[{"href":"https:\/\/polikistikover.net\/yeni\/wp-json\/wp\/v2\/pages"}],"about":[{"href":"https:\/\/polikistikover.net\/yeni\/wp-json\/wp\/v2\/types\/page"}],"author":[{"embeddable":true,"href":"https:\/\/polikistikover.net\/yeni\/wp-json\/wp\/v2\/users\/1"}],"replies":[{"embeddable":true,"href":"https:\/\/polikistikover.net\/yeni\/wp-json\/wp\/v2\/comments?post=13352"}],"version-history":[{"count":18,"href":"https:\/\/polikistikover.net\/yeni\/wp-json\/wp\/v2\/pages\/13352\/revisions"}],"predecessor-version":[{"id":13402,"href":"https:\/\/polikistikover.net\/yeni\/wp-json\/wp\/v2\/pages\/13352\/revisions\/13402"}],"wp:attachment":[{"href":"https:\/\/polikistikover.net\/yeni\/wp-json\/wp\/v2\/media?parent=13352"}],"curies":[{"name":"wp","href":"https:\/\/api.w.org\/{rel}","templated":true}]}}