{"id":5853,"date":"2025-09-14T08:47:54","date_gmt":"2025-09-14T08:47:54","guid":{"rendered":"https:\/\/polikistikover.net\/yeni\/?page_id=5853"},"modified":"2025-12-23T02:20:32","modified_gmt":"2025-12-23T02:20:32","slug":"dogum-kontrol-hapi-kullanimi-ve-polikistik-over-sendromu","status":"publish","type":"page","link":"https:\/\/polikistikover.net\/yeni\/dogum-kontrol-hapi-kullanimi-ve-polikistik-over-sendromu\/","title":{"rendered":"Do\u011fum Kontrol Hap\u0131 Kullan\u0131m\u0131 ve Polikistik Over Sendromu"},"content":{"rendered":"\n<p class=\"has-text-align-center wp-embed-aspect-16-9 wp-has-aspect-ratio\"><strong><mark style=\"background-color:rgba(0, 0, 0, 0)\" class=\"has-inline-color has-dark-pink-color\">Do\u011fum kontrol haplar\u0131 polikistik over sendromu\u2019nu tedavi etmemektedir. Buna ra\u011fmen polikistik over sendromu\u2019nda halen yayg\u0131n olarak kullan\u0131lmaktad\u0131r.<\/mark><\/strong><\/p>\n\n\n\n<p class=\"has-text-align-center\"><br><strong>SAKINCALARI;<\/strong><\/p>\n\n\n\n<p class=\"wp-embed-aspect-16-9 wp-has-aspect-ratio\"><strong><mark style=\"background-color:#ff0101\" class=\"has-inline-color\">1-<\/mark><\/strong>Uzun s\u00fcre, ara vermeden do\u011fum kontrol hap\u0131 kullan\u0131lmas\u0131 yanl\u0131\u015f bir uygulamad\u0131r. Uzun s\u00fcre do\u011fum kontrol hap\u0131 kullan\u0131lmas\u0131 ki\u015finin ger\u00e7ek adet d\u00fczenini gizlemektedir. <\/p>\n\n\n\n<p class=\"has-text-align-center wp-embed-aspect-16-9 wp-has-aspect-ratio\"><a href=\"https:\/\/www.youtube.com\/shorts\/tXGM9Q2Ap00?feature=share\"><mark style=\"background-color:rgba(0, 0, 0, 0);color:#f71c0c\" class=\"has-inline-color\"><strong>Uzun s\u00fcre, ara vermeden do\u011fum kontrol hap\u0131 kullanan ki\u015filer \u00e7ocuk sahibi olmaya karar verdikleri zaman do\u011fum kontrol hap\u0131n\u0131 b\u0131rakt\u0131klar\u0131nda altta yatan polikistik over sendromu veya erken menopoz gibi bir sorundan dolay\u0131&nbsp;adet olamama&nbsp;ve&nbsp;hamile kalamama&nbsp;ger\u00e7e\u011fiyle kar\u015f\u0131la\u015fabilmektedir.<\/strong><\/mark><\/a><\/p>\n\n\n\n<figure class=\"wp-block-embed is-type-video is-provider-youtube wp-block-embed-youtube wp-embed-aspect-16-9 wp-has-aspect-ratio\"><div class=\"wp-block-embed__wrapper\">\n<iframe loading=\"lazy\" title=\"1 - Polikistik Overde Do\u011fum Kontrol Haplar\u0131 Do\u011fru De\u011fildir.\" width=\"1320\" height=\"743\" src=\"https:\/\/www.youtube.com\/embed\/HfpHCq7I1H4?feature=oembed\" frameborder=\"0\" allow=\"accelerometer; autoplay; clipboard-write; encrypted-media; gyroscope; picture-in-picture; web-share\" referrerpolicy=\"strict-origin-when-cross-origin\" allowfullscreen><\/iframe>\n<\/div><\/figure>\n\n\n\n<p class=\"wp-embed-aspect-16-9 wp-has-aspect-ratio\"><strong><mark style=\"background-color:#ff0202\" class=\"has-inline-color\">2-<\/mark><\/strong>Do\u011fum kontrol hap\u0131 kullanarak d\u00fczenli bir \u015fekilde (her ay) g\u00f6r\u00fclen adet kanamas\u0131&nbsp;yumurta geli\u015fimi ve yumurtlama&nbsp;olmadan olu\u015fmaktad\u0131r. Bu nedenle bu kanama ger\u00e7ek bir adet kanamas\u0131 de\u011fildir. <\/p>\n\n\n\n<p class=\"wp-embed-aspect-16-9 wp-has-aspect-ratio\">Do\u011fum kontrol haplar\u0131n\u0131n i\u00e7inde bulunan suni \u00f6strojen (ethinyl estradiol) yumurta b\u00fcy\u00fcmesini sa\u011flayan FSH hormonunun beyinde (hipofiz) \u00fcretimini azaltarak yumurta geli\u015fimini&nbsp;engellemektedir. Do\u011fum kontrol haplar\u0131n\u0131n i\u00e7inde bulunan suni progesteron hormonu (19- nortestosteron) ise yumurtlamay\u0131 sa\u011flayan LH hormonunun beyinde (hipofiz) \u00fcretimini azaltarak yumurtlamay\u0131 engellemektedir.<\/p>\n\n\n\n<p class=\"has-text-align-center wp-embed-aspect-16-9 wp-has-aspect-ratio\"><strong><a href=\"https:\/\/www.youtube.com\/shorts\/cc8EiJoDxDM?feature=share\"><mark style=\"background-color:rgba(0, 0, 0, 0);color:#f60505\" class=\"has-inline-color\">Zaten polikistik over sendromu\u2019nda da sorun do\u011fum kontrol hap\u0131 kullan\u0131m\u0131nda oldu\u011fu gibi&nbsp;yumurta geli\u015fimi ve yumurtlaman\u0131n&nbsp;olmamas\u0131d\u0131r. Bu nedenle do\u011fum kontrol haplar\u0131n\u0131n polikistik over sendromu\u2019nu tedavi etmesi m\u00fcmk\u00fcn de\u011fildir.<\/mark><\/a><\/strong><\/p>\n\n\n\n<p class=\"wp-embed-aspect-16-9 wp-has-aspect-ratio\"><strong><em>&nbsp;<\/em><mark style=\"background-color:#fd0404\" class=\"has-inline-color\">3-<\/mark><\/strong>Polikistik over sendromu olan kad\u0131nlarda yumurta geli\u015fimi ve yumurtlama sorununda ve buna ba\u011fl\u0131 olarak da&nbsp;adet d\u00fczensizli\u011fi&nbsp;\u015fikayetinde y\u0131llar i\u00e7inde de\u011fi\u015fiklikler olabilmektedir.<strong><em>&nbsp;<\/em><\/strong><\/p>\n\n\n\n<p class=\"has-text-align-center wp-embed-aspect-16-9 wp-has-aspect-ratio\"><strong><mark style=\"background-color:rgba(0, 0, 0, 0)\" class=\"has-inline-color has-dark-pink-color\">Bu durum ki\u015finin do\u011fum kontrol hap\u0131 kullanmas\u0131na gerek olmadan d\u00fczenli adet g\u00f6rebilecek iken adet d\u00fczensizli\u011finin  devam etti\u011fini zannederek gereksiz yere uzun y\u0131llar do\u011fum kontrol hap\u0131 kullanmas\u0131na neden olmaktad\u0131r.<\/mark><\/strong><\/p>\n\n\n\n<p class=\"wp-embed-aspect-16-9 wp-has-aspect-ratio\"><strong><mark style=\"background-color:#f90a0a\" class=\"has-inline-color\">4-&nbsp;<\/mark><\/strong>Polikistik over sendromu olan fazla kilolu&nbsp;kad\u0131nlarda sel\u00fclit, varis, ins\u00fclin direnci, migren, hipertansiyon, psikolojik sorunlar (depresyon), pankreas iltihab\u0131 (pankreatit), safra kesesi ta\u015flar\u0131, kilo art\u0131\u015f\u0131 (\u00f6dem; su tutulumu) gibi do\u011fum kontrol hap\u0131 kullan\u0131m\u0131na ba\u011fl\u0131 olarak g\u00f6r\u00fclen yan etkiler daha kolayl\u0131kla ortaya \u00e7\u0131kabilmektedir(1,2,3,4).<\/p>\n\n\n\n<p class=\"wp-embed-aspect-16-9 wp-has-aspect-ratio\"><strong><mark style=\"background-color:#fe0505\" class=\"has-inline-color\">5-&nbsp;<\/mark><\/strong>Do\u011fum kontrol hap\u0131 kullan\u0131m\u0131 zaten tek ba\u015f\u0131na bacak damarlar\u0131n\u0131n p\u0131ht\u0131 ile t\u0131kanmas\u0131&nbsp;<strong>(derin ven trombozu)<\/strong>&nbsp;ve ordan kopan p\u0131ht\u0131 par\u00e7as\u0131n\u0131n da akci\u011fer damarlar\u0131n\u0131 t\u0131kamas\u0131&nbsp;<strong>(pulmoner emboli)<\/strong>&nbsp;ihtimalini artt\u0131rmaktad\u0131r(1,2,3,4).<\/p>\n\n\n\n<p class=\"has-text-align-center wp-embed-aspect-16-9 wp-has-aspect-ratio\"><strong><a href=\"https:\/\/www.youtube.com\/shorts\/dFZvsrcH-vo?feature=share\"><mark style=\"background-color:rgba(0, 0, 0, 0);color:#f72504\" class=\"has-inline-color\">Polikistik over sendromu olup da do\u011fum kontrol hap\u0131 kullanan kad\u0131nlarda damar t\u0131kan\u0131kl\u0131\u011f\u0131 ihtimali daha da\u00a0artmaktad\u0131r. <\/mark><\/a><\/strong><\/p>\n\n\n\n<p class=\"wp-embed-aspect-16-9 wp-has-aspect-ratio\">Bir de fark\u0131na var\u0131lmadan\u00a0do\u011fu\u015ftan p\u0131ht\u0131la\u015fma bozuklu\u011fu olanlar\u00a0(thrombophilias)\u00a0taraf\u0131ndan kullan\u0131ld\u0131\u011f\u0131nda beyin veya akci\u011fer damarlar\u0131n\u0131n bir p\u0131ht\u0131 par\u00e7as\u0131 taraf\u0131ndan t\u0131kanmas\u0131 ve bunun sonucunda da ki\u015finin hayat\u0131n\u0131 kaybetmesi ihtimali daha da\u00a0artmaktad\u0131r\u00a0(1,2,3,4,12,13,14,15).<\/p>\n\n\n\n<p class=\"has-text-align-center wp-embed-aspect-16-9 wp-has-aspect-ratio\"><mark style=\"background-color:rgba(0, 0, 0, 0)\" class=\"has-inline-color has-dark-pink-color\"><strong>Bu nedenle baz\u0131 \u00fclkelerde baz\u0131 do\u011fum kontrol haplar\u0131n\u0131n polikistik over sendromu tedavisinde kullan\u0131lmas\u0131 yasaklanm\u0131\u015ft\u0131r. Buna kar\u015f\u0131l\u0131k&nbsp;<\/strong><\/mark><strong><mark style=\"background-color:rgba(0, 0, 0, 0)\" class=\"has-inline-color has-dark-pink-color\">maalesef, \u00fclkemizde halen yayg\u0131n olarak kullan\u0131lmaktad\u0131r.<\/mark><\/strong><\/p>\n\n\n\n<p class=\"wp-embed-aspect-16-9 wp-has-aspect-ratio\">G\u00fcn\u00fcm\u00fczde en \u00e7ok kullan\u0131lan 10 tane do\u011fum kontrol hap\u0131 i\u00e7inde bulunan \u00f6strojen miktar\u0131na ve progesteron \u00e7e\u015fidine&nbsp;g\u00f6re a\u015fa\u011f\u0131da belirtilmi\u015ftir.&nbsp;<\/p>\n\n\n\n<p class=\"wp-embed-aspect-16-9 wp-has-aspect-ratio\"><strong>Do\u011fum kontrol hap\u0131 \u00fcreten ila\u00e7 firmalar\u0131ndan maddi destek almadan yap\u0131lan \u00e7al\u0131\u015fmalarda bu do\u011fum kontrol haplar\u0131n\u0131 kullanan kad\u0131nlarda kullanmayanlara g\u00f6re ortaya \u00e7\u0131kan damar t\u0131kan\u0131kl\u0131\u011f\u0131 (derin ven trombozu) ihtimalindeki art\u0131\u015f\u0131 a\u015fa\u011f\u0131da g\u00f6rebilirsiniz<\/strong>(3)&nbsp;;<\/p>\n\n\n\n<p class=\"has-text-align-center wp-embed-aspect-16-9 wp-has-aspect-ratio\"><strong>20&nbsp;\u00b5g ethinyl estradiol + levonorgestrel<\/strong>&nbsp;kullananlarda damar t\u0131kan\u0131kl\u0131\u011f\u0131 (derin ven trombozu) 2.2 kat artmaktad\u0131r.<\/p>\n\n\n\n<p class=\"has-text-align-center wp-embed-aspect-16-9 wp-has-aspect-ratio\"><strong>30&nbsp;\u00b5g ethinyl estradiol + levonorgestrel<\/strong>&nbsp;kullananlarda damar t\u0131kan\u0131kl\u0131\u011f\u0131 (derin ven trombozu) 2.4 kat artmaktad\u0131r.<\/p>\n\n\n\n<p class=\"has-text-align-center wp-embed-aspect-16-9 wp-has-aspect-ratio\"><strong>50&nbsp;\u00b5g ethinyl estradiol + levonorgestrel<\/strong>&nbsp;kullananlarda damar t\u0131kan\u0131kl\u0131\u011f\u0131 (derin ven trombozu) &nbsp;5.2 kat artmaktad\u0131r.<\/p>\n\n\n\n<p class=\"has-text-align-center wp-embed-aspect-16-9 wp-has-aspect-ratio\"><strong>20&nbsp;\u00b5g ethinyl estradiol + gestodene<\/strong>&nbsp;kullananlarda damar t\u0131kan\u0131kl\u0131\u011f\u0131 (derin ven trombozu) 2.2 kat artmaktad\u0131r.<\/p>\n\n\n\n<p class=\"has-text-align-center wp-embed-aspect-16-9 wp-has-aspect-ratio\"><strong>30&nbsp;\u00b5g ethinyl estradiol + gestodene<\/strong>&nbsp;kullananlarda damar t\u0131kan\u0131kl\u0131\u011f\u0131 (derin ven trombozu) 3.7 kat artmaktad\u0131r.<\/p>\n\n\n\n<p class=\"has-text-align-center wp-embed-aspect-16-9 wp-has-aspect-ratio\"><strong>20&nbsp;\u00b5g ethinyl estradiol + desogestre<\/strong>l kullananlarda damar t\u0131kan\u0131kl\u0131\u011f\u0131 (derin ven trombozu) 3.4 kat artmaktad\u0131r.<\/p>\n\n\n\n<p class=\"has-text-align-center wp-embed-aspect-16-9 wp-has-aspect-ratio\"><strong>30&nbsp;\u00b5g ethinyl estradiol + desogestrel&nbsp;<\/strong>kullananlarda damar t\u0131kan\u0131kl\u0131\u011f\u0131 (derin ven trombozu) 4.3 kat artmaktad\u0131r.<\/p>\n\n\n\n<p class=\"has-text-align-center wp-embed-aspect-16-9 wp-has-aspect-ratio\"><strong>35 \u00b5g ethinyl estradiol + norgestimate&nbsp;<\/strong>kullananlarda damar t\u0131kan\u0131kl\u0131\u011f\u0131 (derin ven trombozu) 2.4 kat artmaktad\u0131r.<\/p>\n\n\n\n<p class=\"has-text-align-center wp-embed-aspect-16-9 wp-has-aspect-ratio\"><strong>35 \u00b5g ethinyl estradiol +&nbsp;cyproterone acetate (siproteron asetat)&nbsp;<\/strong>kullananlarda damar t\u0131kan\u0131kl\u0131\u011f\u0131 (derin ven trombozu) 3.9 kat artmaktad\u0131r.<\/p>\n\n\n\n<p class=\"has-text-align-center wp-embed-aspect-16-9 wp-has-aspect-ratio\"><strong>30&nbsp;\u00b5g ethinyl estradiol + drospirenone<\/strong>&nbsp;kullananlarda damar t\u0131kan\u0131kl\u0131\u011f\u0131 (derin ven trombozu) 3.9 kat artmaktad\u0131r.<\/p>\n\n\n\n<p class=\"wp-embed-aspect-16-9 wp-has-aspect-ratio\"><\/p>\n\n\n\n<p class=\"wp-embed-aspect-16-9 wp-has-aspect-ratio\"><strong><mark style=\"background-color:#f90a0a\" class=\"has-inline-color\">6-&nbsp;<\/mark><\/strong>Adet kanamas\u0131&nbsp;beyinde bulunan Hipotalamus ve Hipofiz\u2019den yumurtal\u0131klara ve rahime giden emirlerle d\u00fczenlenir. Ergenlik (Adolesan) d\u00f6neminde&nbsp;hen\u00fcz beyin, yumurtal\u0131k ve rahim aras\u0131ndaki yol&nbsp;tam olarak geli\u015fmedi\u011fi i\u00e7in polikistik over sendromu\u2019nda oldu\u011fu gibi&nbsp;yumurta geli\u015fimi ve yumurtlama<em>&nbsp;<\/em>olmamaktad\u0131r.&nbsp;&nbsp;16 ya\u015f\u0131ndan \u00f6nce do\u011fum kontrol hap\u0131 kullan\u0131lmas\u0131&nbsp;bu yolun olgunla\u015fmas\u0131n\u0131 engelleyebilmektedir.<\/p>\n\n\n\n<p class=\"wp-embed-aspect-16-9 wp-has-aspect-ratio\"><strong><a href=\"https:\/\/www.youtube.com\/shorts\/ycmFUHnN_PQ?feature=share\"><mark style=\"background-color:rgba(0, 0, 0, 0);color:#fa2807\" class=\"has-inline-color\">Maalesef, bana ilk kez gelen hastalar\u0131m aras\u0131nda \u00e7o\u011funlukla rastlad\u0131\u011f\u0131m 10-11 ya\u015flar\u0131ndan itibaren do\u011fum kontrol haplar\u0131n\u0131 polikistik over sendromu olduklar\u0131 s\u00f6ylenerek k\u0131z \u00e7ocuklar\u0131n\u0131n tedavi edip etmeyece\u011fi ve geli\u015febilecek yan etkileri d\u00fc\u015f\u00fcn\u00fclmeden \u015fuursuzca kullanmas\u0131d\u0131r ve hatta bu k\u0131zlar\u0131n bir k\u0131sm\u0131n\u0131n polikistik over sendromu\u2019nu tedavi ediyoruz diye \u00e7ok k\u00fc\u00e7\u00fck ya\u015flardan itibaren 20 -25 y\u0131l aral\u0131ks\u0131z do\u011fum kontrol hap\u0131 kulland\u0131\u011f\u0131na s\u0131kl\u0131kla tan\u0131k oluyorum.<\/mark><\/a><\/strong><\/p>\n\n\n\n<p class=\"wp-embed-aspect-16-9 wp-has-aspect-ratio\"><strong><mark style=\"background-color:#f80707\" class=\"has-inline-color\">7-<\/mark><\/strong>Do\u011fum kontrol haplar\u0131n\u0131n i\u00e7inde bulunan\u00a0\u00f6strojen (estradiol) ve progesteron\u00a0hormonlar\u0131\u00a0meme kanseri\u00a0ile ili\u015fkilidir.<\/p>\n\n\n\n<p class=\"has-text-align-center wp-embed-aspect-16-9 wp-has-aspect-ratio\"> <strong><a href=\"https:\/\/www.youtube.com\/shorts\/pO1wVCimSng?feature=share\"><mark style=\"background-color:rgba(0, 0, 0, 0);color:#f30909\" class=\"has-inline-color\">Do\u011fum kontrol hap\u0131 kullan\u0131lmas\u0131 meme kanseri ihtimalini artt\u0131rmaktad\u0131r.<\/mark><\/a><\/strong><\/p>\n\n\n\n<p class=\"wp-embed-aspect-16-9 wp-has-aspect-ratio\"><strong> <\/strong>Kullan\u0131m s\u00fcresi uzad\u0131k\u00e7a\u00a0meme kanseri ihtimali de buna paralel olarak artmaktad\u0131r. Erken ya\u015flardan (Ergenlik d\u00f6nemi) itibaren do\u011fum yapmadan \u00f6nce kullan\u0131lmas\u0131\u00a0da\u00a0meme kanseri ihtimalini artt\u0131ran di\u011fer bir nedendir. Hatta 5 y\u0131ldan daha uzun s\u00fcre kullanan kad\u0131nlarda\u00a0do\u011fum kontrol hap\u0131n\u0131\u00a0b\u0131rakt\u0131ktan sonra bile\u00a0meme kanseri\u00a0g\u00f6r\u00fclme ihtimali y\u00fcksek olmaya devam etmektedir.\u00a0<\/p>\n\n\n\n<p class=\"has-text-align-center wp-embed-aspect-16-9 wp-has-aspect-ratio\"><strong><em>&nbsp;<\/em><mark style=\"background-color:rgba(0, 0, 0, 0)\" class=\"has-inline-color has-dark-pink-color\">Polikistik over sendromu olan gen\u00e7 k\u0131zlarda&nbsp;do\u011fum yapmadan \u00f6nce do\u011fum kontrol hap\u0131 gibi ila\u00e7lar\u0131n&nbsp;gereksiz yere, uzun s\u00fcre polikistik over sendromu\u2019nu tedavi ediyoruz diye kullan\u0131lmas\u0131 do\u011fru de\u011fildir(5,6,7,8).<\/mark><\/strong><\/p>\n\n\n\n<p class=\"wp-embed-aspect-16-9 wp-has-aspect-ratio\"><strong><mark style=\"background-color:rgba(0, 0, 0, 0)\" class=\"has-inline-color has-dark-blue-color\">Do\u011fum kontrol haplar\u0131n\u0131 daha \u00f6nce kullanm\u0131\u015f olan ya da \u015fimdi kullanmakta olan kad\u0131nlarda hi\u00e7 kullanmam\u0131\u015f olanlara g\u00f6re ortaya \u00e7\u0131kan meme kanseri ihtimalindeki art\u0131\u015f\u0131 a\u015fa\u011f\u0131da g\u00f6rebilirsiniz(6);<\/mark><\/strong><\/p>\n\n\n\n<p class=\"has-text-align-center wp-embed-aspect-16-9 wp-has-aspect-ratio\"><strong>50&nbsp;\u00b5g ethinyl estradiol + levonorgestrel<\/strong>&nbsp;kullananlarda meme kanseri &nbsp;1.21 kat artmaktad\u0131r.<\/p>\n\n\n\n<p class=\"has-text-align-center wp-embed-aspect-16-9 wp-has-aspect-ratio\"><strong>20&nbsp;\u00b5g ethinyl estradiol + levonorgestrel<\/strong>&nbsp;kullananlarda meme kanseri&nbsp;1.33 kat artmaktad\u0131r.<\/p>\n\n\n\n<p class=\"has-text-align-center wp-embed-aspect-16-9 wp-has-aspect-ratio\"><strong>20&nbsp;\u00b5g ethinyl estradiol + gestodene<\/strong>&nbsp;kullananlarda meme kanseri&nbsp;1.20 kat artmaktad\u0131r.<\/p>\n\n\n\n<p class=\"has-text-align-center wp-embed-aspect-16-9 wp-has-aspect-ratio\"><strong>35 \u00b5g ethinyl estradiol +&nbsp;cyproterone acetate (siproteron asetat)&nbsp;<\/strong>kullananlarda meme kanseri 1.44 kat artmaktad\u0131r.<\/p>\n\n\n\n<p class=\"has-text-align-center wp-embed-aspect-16-9 wp-has-aspect-ratio\"><strong>30&nbsp;\u00b5g ethinyl estradiol + drospirenone<\/strong>&nbsp;kullananlarda meme kanseri 1.1 kat&nbsp;artmaktad\u0131r.<\/p>\n\n\n\n<p class=\"has-text-align-center wp-embed-aspect-16-9 wp-has-aspect-ratio\"><strong>35 \u00b5g ethinyl estradiol + norgestimate&nbsp;<\/strong>kullananlarda meme kanseri 1.22&nbsp;kat artmaktad\u0131r.<\/p>\n\n\n\n<p class=\"has-text-align-center wp-embed-aspect-16-9 wp-has-aspect-ratio\"><strong>20&nbsp;\u00b5g ethinyl estradiol + desogestre<\/strong>l&nbsp;kullananlarda meme kanseri&nbsp;1.12 kat artmaktad\u0131r.<\/p>\n\n\n\n<p class=\"wp-embed-aspect-16-9 wp-has-aspect-ratio\"><strong><mark style=\"background-color:#ff0909\" class=\"has-inline-color\">8-<\/mark><\/strong>Polikistik over sendromu olan kad\u0131nlar\u0131n olu\u015fabilecek bir&nbsp;rahim kanserini<em>&nbsp;<\/em>\u00f6nlemek i\u00e7in&nbsp;do\u011fum kontrol hap\u0131 kullanmas\u0131 da do\u011fru de\u011fildir. Polikistik over sendromu olan kad\u0131nlar\u0131n k\u00fc\u00e7\u00fck bir b\u00f6l\u00fcm\u00fcnde g\u00f6r\u00fclen uzun s\u00fcre adet olamama durumu rahim i\u00e7 tabakas\u0131n\u0131n fazla miktarda kal\u0131nla\u015fmas\u0131na neden olur(9). Burada \u201duzun s\u00fcre adet olamama\u201d derken &nbsp;polikistik over sendromu olan kad\u0131nlar\u0131n \u00e7o\u011funda g\u00f6r\u00fclen 10-15 g\u00fcnl\u00fck gecikmeler kastedilmemektedir. Rahim i\u00e7 tabakas\u0131&nbsp;kal\u0131nla\u015fmas\u0131na ba\u011fl\u0131&nbsp;ortaya \u00e7\u0131kan kanser \u00e7o\u011funlukla adet kanamas\u0131n\u0131n uzun s\u00fcre 6 aydan daha uzun aral\u0131klarla olmas\u0131 veya hi\u00e7 olmamas\u0131 durumlar\u0131nda kar\u015f\u0131m\u0131za \u00e7\u0131kmaktad\u0131r(10).&nbsp;<\/p>\n\n\n\n<p class=\"has-text-align-center wp-embed-aspect-16-9 wp-has-aspect-ratio\"><strong><a href=\"https:\/\/www.youtube.com\/shorts\/R0sq19SfDks?feature=share\"><mark style=\"background-color:rgba(0, 0, 0, 0);color:#fb0a0a\" class=\"has-inline-color\">Polikistik over sendromu olan kad\u0131nlar\u0131n \u00e7ok b\u00fcy\u00fck bir k\u0131sm\u0131n\u0131nda sadece 3-5 g\u00fcn kadar adet gecikmesi olmaktad\u0131r. Maalesef, bu kad\u0131nlara da rahim kanseri&nbsp;olabilece\u011fi s\u00f6ylenerek hemen do\u011fum kontrol hap\u0131 ba\u015flamas\u0131 tavsiye ediliyor(11).<\/mark><\/a><\/strong><\/p>\n\n\n\n<p class=\"has-text-align-center wp-embed-aspect-16-9 wp-has-aspect-ratio\"><mark style=\"background-color:rgba(0, 0, 0, 0)\" class=\"has-inline-color has-dark-pink-color\"><strong>Polikistik over sendromu tedavisinde do\u011fum kontrol hap\u0131 kullan\u0131lmas\u0131 do\u011fru de\u011fildir.&nbsp;Fakat, tedavi etkinli\u011finin olmamas\u0131na ve de bir k\u0131sm\u0131 hayati tehlikeye sahip olan bir \u00e7ok yan etkiye sahip olmas\u0131na ra\u011fmen do\u011fum kontrol haplar\u0131 polikistik over sendromu tedavisinde halen yayg\u0131n olarak kullan\u0131lmaktad\u0131r. Halbuki, polikistik over sendromu\u2019nun \u00e7ok daha ba\u015far\u0131l\u0131 ve az yan etkisi olan tedavi y\u00f6ntemleri vard\u0131r.&nbsp;<\/strong><\/mark><\/p>\n\n\n\n<p class=\"has-text-align-center\"><strong>Kaynaklar<\/strong><\/p>\n\n\n\n<p>1-Risk of venous&nbsp;thromboembolism&nbsp;in&nbsp;women&nbsp;with&nbsp;polycystic ovary syndrome: a population-based matched cohort analysis. Bird ST, Hartzema AG, Brophy JM, Etminan M, Delaney JA. CMAJ.\u00e7&nbsp; 2013 Feb 5;185(2):E115-20.<\/p>\n\n\n\n<p>2-Combined hormonal contraception and the risk of venous&nbsp;thromboembolism: a guideline. Practice Committee of the American Society for Reproductive Medicine. Fertil Steril. 2017 Jan;107(1):43-51.<\/p>\n\n\n\n<p>3-Different&nbsp;combined oral contraceptives&nbsp;and the&nbsp;risk of&nbsp;venous thrombosis:systematic review&nbsp;and&nbsp;network meta-analysis.&nbsp; Stegeman BH, de Bastos M, Rosendaal FR, van Hylckama Vlieg A, Helmerhorst FM, Stijnen T, Dekkers OM. BMJ.&nbsp; 2013 Sep 12;347:f5298.<\/p>\n\n\n\n<p>4-Pills-related&nbsp;severe&nbsp;adverse&nbsp;events: A&nbsp;case&nbsp;report&nbsp;in&nbsp;Taiwan. Chen CH, Chin HY et al. Taiwan J Obstet Gynecol . 2016 Aug;55(4):588-90.<\/p>\n\n\n\n<p>5-Oral contraceptives and breast cancer risk among younger women. Brinton LA, Daling JR, Liff JM et al. J Nath Cancer Inst. 1995&nbsp;Jun 7;87(11):827-35.<\/p>\n\n\n\n<p>6-Contemporary&nbsp;Hormonal&nbsp;Contraception&nbsp;and the&nbsp;Risk of&nbsp;Breast Cancer. Morch LS, Skovlund CW, Hannaford PC, Iversen L et al. N Eng J Med. 2017&nbsp;Dec 7;377(23):2228-2239<\/p>\n\n\n\n<p>7-Breast&nbsp;cancer&nbsp;and&nbsp;hormonal&nbsp;contraceptives: collaborative&nbsp;reanalysis&nbsp;of&nbsp;individualdata&nbsp;on&nbsp;53&nbsp;297&nbsp;women&nbsp;with&nbsp;breast&nbsp;cancer&nbsp;and&nbsp;100&nbsp;239&nbsp;women&nbsp;without&nbsp;breast cancer&nbsp;from&nbsp;54&nbsp;epidemiological &nbsp;studies. Collaborative Group on Hormonal Factors in Breast Cancer. Lancet. 1996 Jun 22;347(9017):1713-27.<\/p>\n\n\n\n<p>8-Breast cancer&nbsp;among&nbsp;young&nbsp;U.S.&nbsp;women&nbsp;in&nbsp;relation&nbsp;to&nbsp;oral contraceptive&nbsp;use. White E, Malone KE et al. J Nath Cancer Inst. 1994&nbsp;Apr 6;86(7):505-14.<\/p>\n\n\n\n<p>9-Case-control study of endogenous steroid hormones and endometrial cancer.&nbsp;Potischman N et al. J Nath Cancer Inst. 1996 Aug 21;88(16):1127-35.<\/p>\n\n\n\n<p>10-Ultrasound and menstrual history in predicting endometrial hyperplasia in polycystic ovary syndrome. Cheung AP.&nbsp;Obstet Gynecol. 2001 Aug;98(2):325-31.<\/p>\n\n\n\n<p>11-Polycystic ovary syndrome: the spectrum of the disorder in 1741 patients. Balen AH, Conway GFS, Kaltsas G, TechatrasakK, Mannnig PJ, West C, Jacobs HS. Hum Reprod . 1995 Aug;10(8):2107-11.<\/p>\n\n\n\n<p>12-Oral contraception and risk of a cerebral thromboembolic attack: results of a case-control study. Lidegaard O..&nbsp;BMJ. 1993&nbsp;Apr 10;306(6883):956-63.<\/p>\n\n\n\n<p>13-Oral contraception and stroke. Evidence from the Royal College of General Practitioners\u2019 Oral Contraception Study. Hannaford PC,&nbsp;Croft PR, Kay CR.&nbsp;Stroke.&nbsp;994&nbsp;May;25(5):935-42.<\/p>\n\n\n\n<p>14-Increased risk of venous thrombosis in oral-contraceptive users who are carriers of factor V Leiden mutation. Vandenbroucke JP, Koster T, Bri\u00ebt E, Reitsma PH, Bertina RM, Rosendaal FR. Lancet. 1994&nbsp;&nbsp;Nov 26;344(8935):1453-7.<\/p>\n\n\n\n<p>15-Thrombotic risk of women with hereditary antithrombin III-, protein C- and protein S-deficiency taking oral contraceptive medication. The GTH Study Group on Natural Inhibitors.Pabinger I,&nbsp;Schneider B.Thromb Haemost. 1994&nbsp;May;71(5):548-52.<\/p>\n","protected":false},"excerpt":{"rendered":"<p>Do\u011fum kontrol haplar\u0131 polikistik over sendromu\u2019nu tedavi etmemektedir. Buna ra\u011fmen polikistik over sendromu\u2019nda halen yayg\u0131n olarak kullan\u0131lmaktad\u0131r. SAKINCALARI; 1-Uzun s\u00fcre, ara vermeden do\u011fum kontrol hap\u0131 kullan\u0131lmas\u0131 yanl\u0131\u015f bir uygulamad\u0131r. Uzun s\u00fcre do\u011fum kontrol hap\u0131 kullan\u0131lmas\u0131 ki\u015finin ger\u00e7ek adet d\u00fczenini gizlemektedir. Uzun s\u00fcre, ara vermeden do\u011fum kontrol hap\u0131 kullanan ki\u015filer \u00e7ocuk sahibi olmaya karar verdikleri zaman [&hellip;]<\/p>\n","protected":false},"author":1,"featured_media":0,"parent":0,"menu_order":0,"comment_status":"closed","ping_status":"closed","template":"","meta":{"footnotes":""},"class_list":["post-5853","page","type-page","status-publish","hentry"],"_links":{"self":[{"href":"https:\/\/polikistikover.net\/yeni\/wp-json\/wp\/v2\/pages\/5853","targetHints":{"allow":["GET"]}}],"collection":[{"href":"https:\/\/polikistikover.net\/yeni\/wp-json\/wp\/v2\/pages"}],"about":[{"href":"https:\/\/polikistikover.net\/yeni\/wp-json\/wp\/v2\/types\/page"}],"author":[{"embeddable":true,"href":"https:\/\/polikistikover.net\/yeni\/wp-json\/wp\/v2\/users\/1"}],"replies":[{"embeddable":true,"href":"https:\/\/polikistikover.net\/yeni\/wp-json\/wp\/v2\/comments?post=5853"}],"version-history":[{"count":85,"href":"https:\/\/polikistikover.net\/yeni\/wp-json\/wp\/v2\/pages\/5853\/revisions"}],"predecessor-version":[{"id":13349,"href":"https:\/\/polikistikover.net\/yeni\/wp-json\/wp\/v2\/pages\/5853\/revisions\/13349"}],"wp:attachment":[{"href":"https:\/\/polikistikover.net\/yeni\/wp-json\/wp\/v2\/media?parent=5853"}],"curies":[{"name":"wp","href":"https:\/\/api.w.org\/{rel}","templated":true}]}}