{"id":6686,"date":"2025-09-21T04:37:36","date_gmt":"2025-09-21T04:37:36","guid":{"rendered":"https:\/\/polikistikover.net\/yeni\/?page_id=6686"},"modified":"2025-09-21T04:40:48","modified_gmt":"2025-09-21T04:40:48","slug":"polikistik-over-olan-kadinlarda-vucut-yapisi","status":"publish","type":"page","link":"https:\/\/polikistikover.net\/yeni\/polikistik-over-olan-kadinlarda-vucut-yapisi\/","title":{"rendered":"Polikistik Over Olan Kad\u0131nlarda V\u00fccut Yap\u0131s\u0131"},"content":{"rendered":"\n<p>Sa\u011fl\u0131kl\u0131 kad\u0131nlarda ya\u011flar\u0131n depoland\u0131\u011f\u0131 yer kal\u00e7a ve uyluk b\u00f6lgeleridir. Polikistik overde ise kal\u00e7a ve uyluk b\u00f6lgelerinde ya\u011flar\u0131n depolanma kapasiteleri d\u00fc\u015f\u00fck oldu\u011fu i\u00e7in bu b\u00f6lgelerde ya\u011flar depolanamad\u0131\u011f\u0131 i\u00e7in \u00f6zellikle \u00fcst b\u00f6lgelerde yani kar\u0131n ve bel b\u00f6lgelerinde ve i\u00e7 organlarda karaci\u011fer ya\u011flanmas\u0131 gibi ya da i\u00e7 organlar\u0131n \u00e7evresinde barsaklar\u0131n \u00e7evresinde ya\u011flar depolanmaktad\u0131r. Polikistik over olan kad\u0131nlarda ya\u011f depolar\u0131 ile ilgili olarak temel sorun bu kad\u0131nlar\u0131n kal\u00e7a ve uyluk b\u00f6lgelerindeki ya\u011f depolama kapasitelerinin d\u00fc\u015f\u00fck olmas\u0131 yani uyluk ve kal\u00e7alar\u0131n\u0131n dar olmas\u0131d\u0131r.<\/p>\n\n\n\n<figure class=\"wp-block-embed aligncenter is-type-video is-provider-youtube wp-block-embed-youtube wp-embed-aspect-16-9 wp-has-aspect-ratio\"><div class=\"wp-block-embed__wrapper\">\n<iframe loading=\"lazy\" title=\"#polikistikover #ya\u011flanmaart\u0131\u015f\u0131 #kar\u0131nya\u011flanmas\u0131 #karaci\u011ferya\u011flanmas\u0131 #enerjikayna\u011f\u0131ya\u011flar #ya\u011flanma\" width=\"1320\" height=\"743\" src=\"https:\/\/www.youtube.com\/embed\/fhTdeSZj-po?feature=oembed\" frameborder=\"0\" allow=\"accelerometer; autoplay; clipboard-write; encrypted-media; gyroscope; picture-in-picture; web-share\" referrerpolicy=\"strict-origin-when-cross-origin\" allowfullscreen><\/iframe>\n<\/div><\/figure>\n","protected":false},"excerpt":{"rendered":"<p>Sa\u011fl\u0131kl\u0131 kad\u0131nlarda ya\u011flar\u0131n depoland\u0131\u011f\u0131 yer kal\u00e7a ve uyluk b\u00f6lgeleridir. Polikistik overde ise kal\u00e7a ve uyluk b\u00f6lgelerinde ya\u011flar\u0131n depolanma kapasiteleri d\u00fc\u015f\u00fck oldu\u011fu i\u00e7in bu b\u00f6lgelerde ya\u011flar depolanamad\u0131\u011f\u0131 i\u00e7in \u00f6zellikle \u00fcst b\u00f6lgelerde yani kar\u0131n ve bel b\u00f6lgelerinde ve i\u00e7 organlarda karaci\u011fer ya\u011flanmas\u0131 gibi ya da i\u00e7 organlar\u0131n \u00e7evresinde barsaklar\u0131n \u00e7evresinde ya\u011flar depolanmaktad\u0131r. Polikistik over olan kad\u0131nlarda ya\u011f [&hellip;]<\/p>\n","protected":false},"author":1,"featured_media":0,"parent":0,"menu_order":0,"comment_status":"closed","ping_status":"closed","template":"","meta":{"footnotes":""},"class_list":["post-6686","page","type-page","status-publish","hentry"],"_links":{"self":[{"href":"https:\/\/polikistikover.net\/yeni\/wp-json\/wp\/v2\/pages\/6686","targetHints":{"allow":["GET"]}}],"collection":[{"href":"https:\/\/polikistikover.net\/yeni\/wp-json\/wp\/v2\/pages"}],"about":[{"href":"https:\/\/polikistikover.net\/yeni\/wp-json\/wp\/v2\/types\/page"}],"author":[{"embeddable":true,"href":"https:\/\/polikistikover.net\/yeni\/wp-json\/wp\/v2\/users\/1"}],"replies":[{"embeddable":true,"href":"https:\/\/polikistikover.net\/yeni\/wp-json\/wp\/v2\/comments?post=6686"}],"version-history":[{"count":3,"href":"https:\/\/polikistikover.net\/yeni\/wp-json\/wp\/v2\/pages\/6686\/revisions"}],"predecessor-version":[{"id":6690,"href":"https:\/\/polikistikover.net\/yeni\/wp-json\/wp\/v2\/pages\/6686\/revisions\/6690"}],"wp:attachment":[{"href":"https:\/\/polikistikover.net\/yeni\/wp-json\/wp\/v2\/media?parent=6686"}],"curies":[{"name":"wp","href":"https:\/\/api.w.org\/{rel}","templated":true}]}}