{"id":7641,"date":"2025-09-26T03:50:44","date_gmt":"2025-09-26T03:50:44","guid":{"rendered":"https:\/\/polikistikover.net\/yeni\/?page_id=7641"},"modified":"2025-11-18T20:04:00","modified_gmt":"2025-11-18T20:04:00","slug":"tiroid-hormonlari-ve-polikistik-over-sendromu","status":"publish","type":"page","link":"https:\/\/polikistikover.net\/yeni\/tiroid-hormonlari-ve-polikistik-over-sendromu\/","title":{"rendered":"Tiroid Hormonlar\u0131 ve Polikistik Over Sendromu"},"content":{"rendered":"\n<p class=\"has-text-align-center wp-embed-aspect-16-9 wp-has-aspect-ratio\"><strong><mark style=\"background-color:#d3f90d\" class=\"has-inline-color has-dark-blue-color\">Tiroid bezinin fazla \u00e7al\u0131\u015fmas\u0131<\/mark><\/strong><\/p>\n\n\n\n<p class=\"has-text-align-center wp-embed-aspect-16-9 wp-has-aspect-ratio\"><strong><mark style=\"background-color:rgba(0, 0, 0, 0)\" class=\"has-inline-color has-dark-pink-color\"> (hipertiroidi)&nbsp;<\/mark><\/strong><\/p>\n\n\n\n<p class=\"has-text-align-center wp-embed-aspect-16-9 wp-has-aspect-ratio\"><strong><mark style=\"background-color:rgba(0, 0, 0, 0)\" class=\"has-inline-color has-dark-pink-color\">Adet kanamalar\u0131nda gecikmeye ve kanama miktar\u0131nda azalmaya&nbsp;neden olmaktad\u0131r. <\/mark><\/strong><\/p>\n\n\n\n<p class=\"has-text-align-center wp-embed-aspect-16-9 wp-has-aspect-ratio\">T<strong><mark style=\"background-color:rgba(0, 0, 0, 0)\" class=\"has-inline-color has-dark-pink-color\">iroid bezinin fazla \u00e7al\u0131\u015fmas\u0131na ba\u011fl\u0131 olarak adet kanamas\u0131 miktar\u0131nda aniden azalma ortaya \u00e7\u0131kmas\u0131 erken menopoz de\u011fildir. Bu durum s\u0131kl\u0131kla menopoz ile kar\u0131\u015ft\u0131r\u0131lmaktad\u0131r.<\/mark><\/strong><\/p>\n\n\n\n<p class=\"has-text-align-center wp-embed-aspect-16-9 wp-has-aspect-ratio\"><strong><mark style=\"background-color:rgba(0, 0, 0, 0)\" class=\"has-inline-color has-dark-pink-color\">Tiroid bezi fazla \u00e7al\u0131\u015fan ki\u015filerde genellikle&nbsp;uzun s\u00fcren, miktar\u0131 az, lekelenme tarz\u0131nda adet kanamalar\u0131&nbsp;g\u00f6r\u00fclmektedir.<\/mark><\/strong><\/p>\n\n\n\n<p class=\"has-text-align-center wp-embed-aspect-16-9 wp-has-aspect-ratio\"><strong><mark style=\"background-color:#f6e306\" class=\"has-inline-color has-dark-blue-color\">Tiroid bezinin az \u00e7al\u0131\u015fmas\u0131<\/mark><mark style=\"background-color:rgba(0, 0, 0, 0)\" class=\"has-inline-color has-dark-pink-color\"> <\/mark><\/strong><\/p>\n\n\n\n<p class=\"has-text-align-center wp-embed-aspect-16-9 wp-has-aspect-ratio\"><strong><mark style=\"background-color:rgba(0, 0, 0, 0)\" class=\"has-inline-color has-dark-pink-color\">(hipotiroidi) <\/mark><\/strong><\/p>\n\n\n\n<p class=\"has-text-align-center wp-embed-aspect-16-9 wp-has-aspect-ratio\"><strong><mark style=\"background-color:rgba(0, 0, 0, 0)\" class=\"has-inline-color has-dark-pink-color\">ise daha az enerji harcanmas\u0131na ba\u011fl\u0131 olarak&nbsp;v\u00fccut ya\u011f oran\u0131n\u0131n artmas\u0131na,&nbsp;yumurta geli\u015fiminin ve yumurtlaman\u0131n durmas\u0131na,&nbsp;fazla miktarda, uzun s\u00fcren adet kanamalar\u0131na, ve&nbsp;hamile kalmakta zorluk ya\u015fanmas\u0131na neden olmaktad\u0131r.<\/mark><\/strong><\/p>\n\n\n\n<figure class=\"wp-block-embed is-type-video is-provider-youtube wp-block-embed-youtube wp-embed-aspect-16-9 wp-has-aspect-ratio\"><div class=\"wp-block-embed__wrapper\">\n<iframe loading=\"lazy\" title=\"Polikistik Overi Olan Kad\u0131nlar\u0131n V\u00fccut Yap\u0131s\u0131\" width=\"1320\" height=\"743\" src=\"https:\/\/www.youtube.com\/embed\/ul1I4vm1s5M?feature=oembed\" frameborder=\"0\" allow=\"accelerometer; autoplay; clipboard-write; encrypted-media; gyroscope; picture-in-picture; web-share\" referrerpolicy=\"strict-origin-when-cross-origin\" allowfullscreen><\/iframe>\n<\/div><\/figure>\n\n\n\n<p class=\"has-text-align-center wp-embed-aspect-16-9 wp-has-aspect-ratio\"><strong><mark style=\"background-color:rgba(0, 0, 0, 0)\" class=\"has-inline-color has-dark-blue-color\">Tiroid bezi hormonlar\u0131n\u0131n az \u00fcretilmesine \u00fcreme \u00e7a\u011f\u0131ndaki gen\u00e7 kad\u0131nlarda en s\u0131k Hashimoto hastal\u0131\u011f\u0131 neden olmaktad\u0131r.<\/mark><\/strong><\/p>\n\n\n\n<p class=\"has-text-align-center wp-embed-aspect-16-9 wp-has-aspect-ratio\"><strong><mark style=\"background-color:rgba(0, 0, 0, 0)\" class=\"has-inline-color has-dark-pink-color\">Tiroid bezinin az \u00e7al\u0131\u015fmas\u0131 durumunda g\u00f6r\u00fclen&nbsp;adet d\u00fczensizli\u011fi,&nbsp;t\u00fcylenme art\u0131\u015f\u0131,&nbsp;erkek tipi sa\u00e7 d\u00f6k\u00fclmesi,&nbsp;kilo art\u0131\u015f\u0131&nbsp;\u015fikayetleri polikistik over sendromu\u2019nda da g\u00f6r\u00fcld\u00fc\u011f\u00fc i\u00e7in bu \u015fikayetlerle ba\u015fvuran bir ki\u015fide kanda tiroid hormonlar\u0131n\u0131n miktar\u0131na bak\u0131lmadan polikistik over sendromu olup olmad\u0131\u011f\u0131 anla\u015f\u0131lamaz.<\/mark><\/strong><\/p>\n\n\n\n<p class=\"has-text-align-center wp-embed-aspect-16-9 wp-has-aspect-ratio\"><strong><mark style=\"background-color:rgba(0, 0, 0, 0)\" class=\"has-inline-color has-dark-blue-color\">Tiroid bezi az \u00e7al\u0131\u015fan kad\u0131nlarda polikistik over sendromu daha s\u0131k g\u00f6r\u00fclmektedir. <\/mark><\/strong><\/p>\n\n\n\n<p class=\"has-text-align-center wp-embed-aspect-16-9 wp-has-aspect-ratio\"><strong><mark style=\"background-color:rgba(0, 0, 0, 0)\" class=\"has-inline-color has-dark-pink-color\">Tiroid bezinin az \u00e7al\u0131\u015fmas\u0131n\u0131n neden oldu\u011fu enerji t\u00fcketimindeki azalma sonucunda&nbsp;zay\u0131f bile olsalar v\u00fccutlar\u0131ndaki ya\u011f oran\u0131n\u0131n fazla olmas\u0131&nbsp;genetik (do\u011fu\u015ftan) e\u011filimi olan kad\u0131nlarda polikistik over sendromu\u2019nun ortaya \u00e7\u0131kmas\u0131na yol a\u00e7maktad\u0131r.<\/mark><\/strong><\/p>\n\n\n\n<figure class=\"wp-block-embed is-type-video is-provider-youtube wp-block-embed-youtube wp-embed-aspect-16-9 wp-has-aspect-ratio\"><div class=\"wp-block-embed__wrapper\">\n<iframe loading=\"lazy\" title=\"Polikistik Overi Olan Kad\u0131nlar\u0131n V\u00fccut Yap\u0131s\u0131\" width=\"1320\" height=\"743\" src=\"https:\/\/www.youtube.com\/embed\/ul1I4vm1s5M?feature=oembed\" frameborder=\"0\" allow=\"accelerometer; autoplay; clipboard-write; encrypted-media; gyroscope; picture-in-picture; web-share\" referrerpolicy=\"strict-origin-when-cross-origin\" allowfullscreen><\/iframe>\n<\/div><\/figure>\n","protected":false},"excerpt":{"rendered":"<p>Tiroid bezinin fazla \u00e7al\u0131\u015fmas\u0131 (hipertiroidi)&nbsp; Adet kanamalar\u0131nda gecikmeye ve kanama miktar\u0131nda azalmaya&nbsp;neden olmaktad\u0131r. Tiroid bezinin fazla \u00e7al\u0131\u015fmas\u0131na ba\u011fl\u0131 olarak adet kanamas\u0131 miktar\u0131nda aniden azalma ortaya \u00e7\u0131kmas\u0131 erken menopoz de\u011fildir. Bu durum s\u0131kl\u0131kla menopoz ile kar\u0131\u015ft\u0131r\u0131lmaktad\u0131r. Tiroid bezi fazla \u00e7al\u0131\u015fan ki\u015filerde genellikle&nbsp;uzun s\u00fcren, miktar\u0131 az, lekelenme tarz\u0131nda adet kanamalar\u0131&nbsp;g\u00f6r\u00fclmektedir. Tiroid bezinin az \u00e7al\u0131\u015fmas\u0131 (hipotiroidi) ise daha [&hellip;]<\/p>\n","protected":false},"author":1,"featured_media":0,"parent":0,"menu_order":0,"comment_status":"closed","ping_status":"closed","template":"","meta":{"footnotes":""},"class_list":["post-7641","page","type-page","status-publish","hentry"],"_links":{"self":[{"href":"https:\/\/polikistikover.net\/yeni\/wp-json\/wp\/v2\/pages\/7641","targetHints":{"allow":["GET"]}}],"collection":[{"href":"https:\/\/polikistikover.net\/yeni\/wp-json\/wp\/v2\/pages"}],"about":[{"href":"https:\/\/polikistikover.net\/yeni\/wp-json\/wp\/v2\/types\/page"}],"author":[{"embeddable":true,"href":"https:\/\/polikistikover.net\/yeni\/wp-json\/wp\/v2\/users\/1"}],"replies":[{"embeddable":true,"href":"https:\/\/polikistikover.net\/yeni\/wp-json\/wp\/v2\/comments?post=7641"}],"version-history":[{"count":15,"href":"https:\/\/polikistikover.net\/yeni\/wp-json\/wp\/v2\/pages\/7641\/revisions"}],"predecessor-version":[{"id":12888,"href":"https:\/\/polikistikover.net\/yeni\/wp-json\/wp\/v2\/pages\/7641\/revisions\/12888"}],"wp:attachment":[{"href":"https:\/\/polikistikover.net\/yeni\/wp-json\/wp\/v2\/media?parent=7641"}],"curies":[{"name":"wp","href":"https:\/\/api.w.org\/{rel}","templated":true}]}}