{"id":8079,"date":"2025-09-27T21:05:59","date_gmt":"2025-09-27T21:05:59","guid":{"rendered":"https:\/\/polikistikover.net\/yeni\/?page_id=8079"},"modified":"2025-11-21T02:56:35","modified_gmt":"2025-11-21T02:56:35","slug":"beyin-hipotalamus-hipofiz-ve-polikistik-over-sendromu","status":"publish","type":"page","link":"https:\/\/polikistikover.net\/yeni\/beyin-hipotalamus-hipofiz-ve-polikistik-over-sendromu\/","title":{"rendered":"Beyin (Hipotalamus, Hipofiz) ve Polikistik Over Sendromu"},"content":{"rendered":"\n<p><strong><mark style=\"background-color:#fedb13\" class=\"has-inline-color\">1-<\/mark><\/strong> Beyinde hipotalamus b\u00f6lgesinde GnRH (Gonadotropin-releasing hormone) salg\u0131layan sinir h\u00fccreleri (neurons) bulunmaktad\u0131r(1,2).<\/p>\n\n\n\n<p><strong><mark style=\"background-color:#fbe008\" class=\"has-inline-color\">2-<\/mark><\/strong> GnRH hormonunun belirli aral\u0131klarla art\u0131\u015flar ve azal\u0131\u015flar g\u00f6sterek (pulsatile) salg\u0131lanmas\u0131na ba\u011fl\u0131 olarak hipofiz bezinde LH ve FSH hormonlar\u0131n \u00fcretim s\u0131kl\u0131\u011f\u0131 (frequency) ve miktarlar\u0131 (amplitude) belirlenmektedir(3,4,5).<\/p>\n\n\n\n<p><strong><mark style=\"background-color:#f5fa0b\" class=\"has-inline-color\">3-<\/mark><\/strong> Polikistik over sendromu olan kad\u0131nlar\u0131n bir k\u0131sm\u0131nda GnRH hormonu salg\u0131layan jenerat\u00f6r\u00fcn (dinamo) beyinde fazla \u00e7al\u0131\u015fmas\u0131na (hyperactive) ba\u011fl\u0131 olarak GnRH hormonunun&nbsp;belirli aral\u0131klarla (pulsatile) salg\u0131lanma s\u0131kl\u0131\u011f\u0131nda art\u0131\u015f g\u00f6r\u00fclmektedir.<\/p>\n\n\n\n<p><strong><mark style=\"background-color:#f8ed0b\" class=\"has-inline-color\">4-<\/mark><\/strong>Bunun sonucunda polikistik over sendromu olan kad\u0131nlar\u0131n bir k\u0131sm\u0131nda hipofiz bezinde LH hormonunun \u00fcretim s\u0131kl\u0131\u011f\u0131 (frequency), miktar\u0131 (amplitude) ve kan dola\u015f\u0131m\u0131nda bulunan&nbsp;(basal)&nbsp;miktar\u0131 artmaktad\u0131r(3,5,6,7,8,9,10,11,12).<\/p>\n\n\n\n<p class=\"has-text-align-center\"><strong><mark style=\"background-color:rgba(0, 0, 0, 0)\" class=\"has-inline-color has-dark-pink-color\">Erkeklik hormonlar\u0131n\u0131n yumurtal\u0131kta yap\u0131lmas\u0131n\u0131 sa\u011flayan&nbsp;LH (luteinizing hormon) miktar\u0131n\u0131n artmas\u0131 erkeklik hormonlar\u0131n\u0131n&nbsp;yap\u0131m\u0131n\u0131 artt\u0131rmakla (hiperandrogenism) birlikte yumurtlama \u00f6ncesi olgun folik\u00fcl (dominant) geli\u015fimini ve yumurtlamay\u0131 (ovulasyon) da engellemektedir(5,12,13,14,15,16,17,18,19,20,21,22).<\/mark><\/strong><\/p>\n\n\n\n<p><strong><mark style=\"background-color:#fad70d\" class=\"has-inline-color\">5- <\/mark><\/strong>Polikistik over sendromu olan kad\u0131nlar\u0131n bir k\u0131sm\u0131nda GnRH hormonu salg\u0131layan jenerat\u00f6r\u00fcn (dinamo) fazla \u00e7al\u0131\u015fmas\u0131na (hyperactive) neden olan beyinde daha \u00fcst seviyelerde bulunan sinir h\u00fccreleri (neurons) vard\u0131r(23,24,25,26,27,28,29).<\/p>\n\n\n\n<p><strong><mark style=\"background-color:#f1f707\" class=\"has-inline-color\">6-<\/mark><\/strong> Bu sinir h\u00fccrelerinden GABA ve Kisspeptin (neurotransmitters) salg\u0131lanmaktad\u0131r. Kisspeptin salg\u0131layan sinir h\u00fccrelerinin bir k\u0131sm\u0131ndan Neurokinin B (NKB) ve Dynorphin (neurotransmitters) de salg\u0131lanmaktad\u0131r(29,30,31,32,33,34,35).<\/p>\n\n\n\n<p class=\"has-text-align-center\"><strong><mark style=\"background-color:rgba(0, 0, 0, 0)\" class=\"has-inline-color has-dark-pink-color\">Bu maddeler (neurotransmitters) polikistik over sendromu olan kad\u0131nlarda hipofiz bezinde \u00fcretilen\u00a0LH hormonu miktar\u0131 ile birlikte salg\u0131lanma zaman\u0131n\u0131n\u00a0s\u0131kl\u0131\u011f\u0131n\u0131 (frequency) da artt\u0131rmaktad\u0131r(23,24,25,26,27,28,29,30,31,32,36,37,38,39,40).<\/mark><\/strong><\/p>\n\n\n<div class=\"wp-block-image\">\n<figure class=\"aligncenter size-full\"><img loading=\"lazy\" decoding=\"async\" width=\"768\" height=\"576\" src=\"https:\/\/polikistikover.net\/yeni\/wp-content\/uploads\/2025\/09\/image-91.png\" alt=\"\" class=\"wp-image-8083\" srcset=\"https:\/\/polikistikover.net\/yeni\/wp-content\/uploads\/2025\/09\/image-91.png 768w, https:\/\/polikistikover.net\/yeni\/wp-content\/uploads\/2025\/09\/image-91-300x225.png 300w\" sizes=\"auto, (max-width: 768px) 100vw, 768px\" \/><\/figure>\n<\/div>\n\n\n<p><strong><mark style=\"background-color:#f80505\" class=\"has-inline-color\">1-<\/mark><\/strong> Polikistik over sendromu olan kad\u0131nlar\u0131n bir k\u0131sm\u0131nda erkeklik hormonlar\u0131n\u0131n (testosteron, dihidrotestosteron) fazla miktarda\u00a0\u00fcretilmesi\u00a0(hyperandrogenism) ve ins\u00fclin direncine ba\u011fl\u0131 ins\u00fclin miktar\u0131n\u0131n artmas\u0131 (hyperinsulinemia) beyinde\u00a0GnRH hormonu salg\u0131layan jenerat\u00f6r\u00fcn (dinamo) fazla \u00e7al\u0131\u015fmas\u0131na (hyperactive) neden olmaktad\u0131r(24,26,41,42).<\/p>\n\n\n\n<p><strong><mark style=\"background-color:#f8130b\" class=\"has-inline-color\">2-<\/mark><\/strong> Erkeklik hormonlar\u0131 (testosteron, dihidrotestosteron) ve ins\u00fclin bunu GnRH (Gonadotropin-releasing hormone) salg\u0131layan sinir h\u00fccrelerinden (neurons) daha \u00fcst seviyelerdeki sinir h\u00fccrelerinde \u00fcretilen\u00a0GABA ve Kisspeptin (neurotransmitters) salg\u0131lanmas\u0131n\u0131 etkileyerek yapmaktad\u0131r(3,26,41,42).<\/p>\n\n\n\n<p class=\"has-text-align-center\"><strong>Kaynaklar<\/strong><\/p>\n\n\n\n<p>1-Pituitary stalk portal blood collection in rhesus monkeys: evidence for pulsatile release of gonadotropin-releasing hormone (GnRH). Carmel PW, Araki S, Ferin M.&nbsp;Endocrinology. 1976&nbsp;Jul;99(1):243-8.<\/p>\n\n\n\n<p>2-Frequency and amplitude of gonadotropin-releasing hormone stimulation and gonadotropin secretion in the rhesus monkey. Wildt L, H\u00e4usler A, Marshall G, Hutchison JS, Plant TM, Belchetz PE, Knobil E.&nbsp;Endocrinology. 1981&nbsp;&nbsp;Aug;109(2):376-85.<\/p>\n\n\n\n<p>3-GnRH pulse frequency-dependent differential regulation of LH and FSH gene expression. Thompson IR, Kaiser UB.&nbsp;Mol Cell Endocrinol. 2014&nbsp;Mar 25;385(1-2):28-35.<\/p>\n\n\n\n<p>4-The frequency of gonadotropin-releasing-hormone stimulation differentially regulates gonadotropin subunit messenger ribonucleic acid expression. Dalkin AC, Haisenleder DJ, Ortolano GA, Ellis TR, Marshall JC.&nbsp;Endocrinology. 1989 Aug;125(2):917-24.<\/p>\n\n\n\n<p>5-The origins and sequelae of abnormal neuroendocrine function in polycystic ovary syndrome. Blank SK, McCartney CR, Marshall JC.&nbsp;Hum Reprod Update. 2006&nbsp;Jul-Aug;12(4):351-61.<\/p>\n\n\n\n<p>6-Circulating luteinizing hormone pulse frequency in women with polycystic ovary syndrome. Kazer RR, Kessel B, Yen SS.&nbsp;J Clin Endocrinol Metab. 1987&nbsp;Aug;65(2):233-6.<\/p>\n\n\n\n<p>7-Opioidergic regulation of LH pulsatility in women with polycystic ovary syndrome. Berga SL, Yen SS.&nbsp;Clin Endocrinol (Oxf). 1989&nbsp;Feb;30(2):177-84.<\/p>\n\n\n\n<p>8-Inappropriate secretion of follicle-stimulating hormone and luteinizing hormone in polycystic ovarian disease.&nbsp;Yen SS, Vela P, Rankin J.&nbsp;J Clin Endocrinol Metab. 1970&nbsp;Apr;30(4):435-42.<\/p>\n\n\n\n<p>9-Determinants of abnormal gonadotropin secretion in clinically defined women with polycystic ovary syndrome. Taylor AE, McCourt B, Martin KA, Anderson EJ, Adams JM, Schoenfeld D, Hall JE.&nbsp;J Clin Endocrinol Metab. 1997&nbsp;Jul;82(7):2248-56.<\/p>\n\n\n\n<p>10-Hyperfunction of the hypothalamic-pituitary axis in women with polycystic ovarian disease: indirect evidence for partial gonadotroph desensitization.&nbsp;Waldstreicher J, Santoro NF, Hall JE, Filicori M, Crowley WF Jr.&nbsp;J Clin Endocrinol Metab. 1988&nbsp;Jan;66(1):165-72.<\/p>\n\n\n\n<p>11-Genome-wide association of polycystic ovary syndrome implicates alterations in gonadotropin secretion in European ancestry populations. Hayes MG, Urbanek M, Ehrmann DA, Armstrong LL, Lee JY, Sisk R, Karaderi T, Barber TM, McCarthy MI, Franks S,Lindgren CM, Welt CK, Diamanti-Kandarakis E, Panidis D, Goodarzi MO, Azziz R, Zhang Y, James RG, Olivier M,Kissebah AH; Reproductive Medicine Network, Stener-Victorin E, Legro RS, Dunaif A.&nbsp;Nat Commun. 2015&nbsp;Aug 18;6:7502.<\/p>\n\n\n\n<p>12-Metabolic regulation of androgen production by human thecal cells in vitro.&nbsp;Nahum R, Thong KJ, Hillier SG.&nbsp;Hum Reprod. 1995 Jan;10(1):75-81.<\/p>\n\n\n\n<p>13-Estradiol production by granulosa cells of normal and polycystic ovaries: relationship to menstrual cycle history and concentrations of gonadotropins and sex steroids in follicular fluid. Mason HD, Willis DS, Beard RW, Winston RM, Margara R, Franks S.&nbsp;J Clin Endocrinol Metab. 1994&nbsp;Nov;79(5):1355-60.<\/p>\n\n\n\n<p>14-Premature response to luteinizing hormone of granulosa cells from anovulatory women with polycystic ovary syndrome: relevance to mechanism of anovulation.&nbsp;Willis DS, Watson H, Mason HD, Galea R, Brincat M, Franks S. J Clin Endocrinol Metab. 1998 Nov;83(11):3984-91.<\/p>\n\n\n\n<p>15-Etiology of anovulation in polycystic ovary syndrome. Franks S, Mason H, White D, Willis D.&nbsp;Steroids. 1998&nbsp;May-Jun;63(5-6):306-7.<\/p>\n\n\n\n<p>16-Follicle dynamics and anovulation in polycystic ovary syndrome. Franks S, Stark J, Hardy K.&nbsp;Hum Reprod Update. 2008 Jul-Aug;14(4):367-78.<\/p>\n\n\n\n<p>17-Increased protein expression of LHCG receptor and 17\u03b1-hydroxylase\/17-20-lyase in human polycystic ovaries. Comim FV, Teerds K, Hardy K, Franks S. Hum Reprod. 2013&nbsp;Nov;28(11):3086-92.<\/p>\n\n\n\n<p>18-Developmental programming: rescuing disruptions in preovulatory follicle growth and steroidogenesis from prenatal testosterone disruption.&nbsp;Veiga-Lopez A, Moeller J, Abbott DH, Padmanabhan V. J Ovarian Res. 2016 Jun 29;9(1):39.<\/p>\n\n\n\n<p>19-Thecal cell sensitivity to luteinizing hormone and insulin in polycystic ovarian syndrome. Cadagan D, Khan R, Amer S.&nbsp;Reprod Biol. 2016&nbsp;Mar;16(1):53-60.<\/p>\n\n\n\n<p>20-Current concepts of the roles of follicle stimulating hormone and luteinizing hormone in folliculogenesis. Hillier SG.&nbsp;Hum Reprod. 1994&nbsp;Feb;9(2):188-91.<\/p>\n\n\n\n<p>21-Cellular aspects of pre-ovulatory folliculogenesis in primate ovaries. Hillier SG, Harlow CR, Shaw HJ, Wickings EJ, Dixson AF, Hodges JK.&nbsp;Hum Reprod. 1988&nbsp;May;3(4):507-11.<\/p>\n\n\n\n<p>22-Intrafollicular paracrine function of ovarian androgen. Hillier SG.&nbsp;J Steroid Biochem. 1987;27(1-3):351-7.<\/p>\n\n\n\n<p>23-Activation of A-type gamma-aminobutyric acid receptors excites gonadotropin-releasing hormone neurons. DeFazio RA, Heger S, Ojeda SR, Moenter SM.&nbsp;Mol Endocrinol. 2002 Dec;16(12):2872-91.<\/p>\n\n\n\n<p>24-The neuroendocrine genesis of polycystic ovary syndrome: A role for arcuate nucleus GABA neurons.&nbsp;Moore AM,&nbsp;Campbell RE.&nbsp;J Steroid Biochem Mol Biol.&nbsp;2016&nbsp;Jun;160:106-17.<\/p>\n\n\n\n<p>25-Depolarising and hyperpolarising actions of GABA(A) receptor activation on gonadotrophin-releasing hormone neurones: towards an emerging consensus.&nbsp;Herbison AE,&nbsp;Moenter SM.&nbsp;J Neuroendocrinol.&nbsp;2011&nbsp;Jul;23(7):557-69.<\/p>\n\n\n\n<p>26-Kisspeptins and reproduction: physiological roles and regulatory mechanisms.&nbsp;Pinilla L,&nbsp;Aguilar E,&nbsp;Dieguez C,&nbsp;Millar RP,&nbsp;Tena-Sempere M.&nbsp;Physiol Rev.&nbsp;2012&nbsp;Jul;92(3):1235-316.<\/p>\n\n\n\n<p>27-Kisspeptin signaling in the brain. Oakley AE, Clifton DK, Steiner RA.&nbsp;Endocr Rev. 2009&nbsp;Oct;30(6):713-43.<\/p>\n\n\n\n<p>28-Neuroendocrine control by kisspeptins: role in metabolic regulation of fertility.&nbsp;Navarro VM,&nbsp;Tena-Sempere M.&nbsp;Nat Rev Endocrinol.&nbsp;2011 Sep 13;8(1):40-53.<\/p>\n\n\n\n<p>29-Minireview: kisspeptin\/neurokinin B\/dynorphin (KNDy) cells of the arcuate nucleus: a central node in the control of gonadotropin-releasing hormone secretion.&nbsp;Lehman MN,&nbsp;Coolen LM,&nbsp;Goodman RL. Endocrinology.&nbsp;2010&nbsp;Aug;151(8):3479-89.<\/p>\n\n\n\n<p>30-Hypertrophy and increased kisspeptin gene expression in the hypothalamic infundibular nucleus of postmenopausal women and ovariectomized monkeys.&nbsp;Rometo AM,&nbsp;Krajewski SJ,&nbsp;Voytko ML,&nbsp;Rance NE.&nbsp;J Clin Endocrinol Metab.&nbsp;2007&nbsp;Jul;92(7):2744-50.<\/p>\n\n\n\n<p>31-Neurokinin B Receptor Antagonism in Women With Polycystic Ovary Syndrome: A Randomized, Placebo-Controlled Trial.&nbsp;George JT,&nbsp;Kakkar R,&nbsp;Marshall J,&nbsp;Scott ML,&nbsp;Finkelman RD,&nbsp;Ho TW,&nbsp;Veldhuis J,&nbsp;Skorupskaite K,&nbsp;Anderson RA,&nbsp;McIntosh S,&nbsp;Webber L.&nbsp;J Clin Endocrinol Metab.&nbsp;2016&nbsp;Nov;101(11):4313-4321.<\/p>\n\n\n\n<p>32-Population Pharmacokinetic and Pharmacodynamic Modeling of AZD4901 and Simulation to Support Dose Selection for the Phase 2a Study.&nbsp;Xu H,&nbsp;Li J,&nbsp;Webber L,&nbsp;Kakkar R,&nbsp;Chen Y,&nbsp;Al-Huniti N.&nbsp;J Clin Pharmacol.&nbsp;2016&nbsp;Aug;56(8):999-1008.<\/p>\n\n\n\n<p>33-The NK3 Receptor Antagonist ESN364 Interrupts Pulsatile LH Secretion and Moderates Levels of Ovarian Hormones Throughout the Menstrual Cycle.&nbsp;Fraser GL,&nbsp;Hoveyda HR,&nbsp;Clarke IJ,&nbsp;Ramaswamy S,&nbsp;Plant TM,&nbsp;Rose C,&nbsp;Millar RP.&nbsp;Endocrinology.&nbsp;2015&nbsp;Nov;156(11):4214-25.<\/p>\n\n\n\n<p>34-Investigating the KNDy Hypothesis in Humans by Coadministration of Kisspeptin, Neurokinin B, and Naltrexone in Men.&nbsp;Narayanaswamy S,&nbsp;Prague JK,&nbsp;Jayasena CN,&nbsp;Papadopoulou DA,&nbsp;Mizamtsidi M,&nbsp;Shah AJ,&nbsp;Bassett P,&nbsp;Comninos AN, Abbara A,&nbsp;Bloom SR,&nbsp;Veldhuis JD,&nbsp;Dhillo WS.&nbsp;J Clin Endocrinol Metab.&nbsp;2016&nbsp;Sep;101(9):342.<\/p>\n\n\n\n<p>35-GnRH dysregulation in polycystic ovarian syndrome (PCOS) is a manifestation of an altered neurotransmitter profile.&nbsp;Chaudhari N,&nbsp;Dawalbhakta M,&nbsp;Nampoothiri L.&nbsp;Reprod Biol Endocrinol.&nbsp;2018&nbsp;Apr 11;16(1):37.<\/p>\n\n\n\n<p>36-Elevated prenatal anti-M\u00fcllerian hormone reprograms the fetus and induces polycystic ovary syndrome in adulthood. Tata B, Mimouni NEH, Barbotin AL, Malone SA, Loyens A, Pigny P, Dewailly D, Catteau-Jonard S,Sundstr\u00f6m-Poromaa I, Piltonen TT, Dal Bello F, Medana C, Prevot V, Clasadonte J, Giacobini P.&nbsp;Nat Med. 2018&nbsp;Jun;24(6):834-846.<\/p>\n\n\n\n<p>37-Polycystic ovary syndrome: evidence for reduced sensitivity of the gonadotropin-releasing hormone pulse generator to inhibition by estradiol and progesterone.&nbsp;Pastor CL,&nbsp;Griffin-Korf ML,&nbsp;Aloi JA,&nbsp;Evans WS,&nbsp;Marshall JC.&nbsp;J Clin Endocrinol Metab.&nbsp;1998&nbsp;Feb;83(2):582-90.<\/p>\n\n\n\n<p>38-Progesterone inhibition of the hypothalamic gonadotropin-releasing hormone pulse generator: evidence for varied effects in hyperandrogenemic adolescent girls.&nbsp;Chhabra S,&nbsp;McCartney CR,&nbsp;Yoo RY,&nbsp;Eagleson CA,&nbsp;Chang RJ,&nbsp;Marshall JC.&nbsp;J Clin Endocrinol Metab.&nbsp;2005&nbsp;May;90(5):2810-5.<\/p>\n\n\n\n<p>39-Increased cerebrospinal fluid levels of GABA, testosterone and estradiol in women with polycystic ovary syndrome.&nbsp;Kawwass JF,&nbsp;Sanders KM,&nbsp;Loucks TL,&nbsp;Rohan LC,&nbsp;Berga SL.&nbsp;Hum Reprod.&nbsp;2017&nbsp;Jul 1;32(7):1450-1456.<\/p>\n\n\n\n<p>40-The kisspeptin system of the human hypothalamus: sexual dimorphism and relationship with gonadotropin-releasing hormone and neurokinin B neurons.&nbsp;Hrabovszky E,&nbsp;Ciofi P,&nbsp;Vida B,&nbsp;Horvath MC,&nbsp;Keller E,&nbsp;Caraty A,&nbsp;Bloom SR,&nbsp;Ghatei MA,&nbsp;Dhillo WS,&nbsp;Liposits Z,&nbsp;Kallo I.&nbsp;Eur J Neurosci.&nbsp;2010&nbsp;Jun;31(11):1984-98.<\/p>\n\n\n\n<p>41-Polycystic ovarian syndrome: evidence that flutamide restores sensitivity of the gonadotropin-releasing hormone pulse generator to inhibition by estradiol and progesterone. &nbsp;Eagleson CA, Gingrich MB, Pastor CL, Arora TK, Burt CM, Evans WS, Marshall JC.&nbsp;J Clin Endocrinol Metab. 2000&nbsp;Nov;85(11):4047-52.<\/p>\n\n\n\n<p>42-Ontogeny and reversal of brain circuit abnormalities in a preclinical model of PCOS. Silva MS, Prescott M, Campbell RE.&nbsp;JCI Insight. 2018&nbsp;Apr 5;3(7).<\/p>\n","protected":false},"excerpt":{"rendered":"<p>1- Beyinde hipotalamus b\u00f6lgesinde GnRH (Gonadotropin-releasing hormone) salg\u0131layan sinir h\u00fccreleri (neurons) bulunmaktad\u0131r(1,2). 2- GnRH hormonunun belirli aral\u0131klarla art\u0131\u015flar ve azal\u0131\u015flar g\u00f6sterek (pulsatile) salg\u0131lanmas\u0131na ba\u011fl\u0131 olarak hipofiz bezinde LH ve FSH hormonlar\u0131n \u00fcretim s\u0131kl\u0131\u011f\u0131 (frequency) ve miktarlar\u0131 (amplitude) belirlenmektedir(3,4,5). 3- Polikistik over sendromu olan kad\u0131nlar\u0131n bir k\u0131sm\u0131nda GnRH hormonu salg\u0131layan jenerat\u00f6r\u00fcn (dinamo) beyinde fazla \u00e7al\u0131\u015fmas\u0131na (hyperactive) [&hellip;]<\/p>\n","protected":false},"author":1,"featured_media":0,"parent":0,"menu_order":0,"comment_status":"closed","ping_status":"closed","template":"","meta":{"footnotes":""},"class_list":["post-8079","page","type-page","status-publish","hentry"],"_links":{"self":[{"href":"https:\/\/polikistikover.net\/yeni\/wp-json\/wp\/v2\/pages\/8079","targetHints":{"allow":["GET"]}}],"collection":[{"href":"https:\/\/polikistikover.net\/yeni\/wp-json\/wp\/v2\/pages"}],"about":[{"href":"https:\/\/polikistikover.net\/yeni\/wp-json\/wp\/v2\/types\/page"}],"author":[{"embeddable":true,"href":"https:\/\/polikistikover.net\/yeni\/wp-json\/wp\/v2\/users\/1"}],"replies":[{"embeddable":true,"href":"https:\/\/polikistikover.net\/yeni\/wp-json\/wp\/v2\/comments?post=8079"}],"version-history":[{"count":8,"href":"https:\/\/polikistikover.net\/yeni\/wp-json\/wp\/v2\/pages\/8079\/revisions"}],"predecessor-version":[{"id":11305,"href":"https:\/\/polikistikover.net\/yeni\/wp-json\/wp\/v2\/pages\/8079\/revisions\/11305"}],"wp:attachment":[{"href":"https:\/\/polikistikover.net\/yeni\/wp-json\/wp\/v2\/media?parent=8079"}],"curies":[{"name":"wp","href":"https:\/\/api.w.org\/{rel}","templated":true}]}}