{"id":8304,"date":"2025-09-28T09:36:07","date_gmt":"2025-09-28T09:36:07","guid":{"rendered":"https:\/\/polikistikover.net\/yeni\/?page_id=8304"},"modified":"2025-11-23T20:13:54","modified_gmt":"2025-11-23T20:13:54","slug":"tup-bebek-ve-polikistik-over","status":"publish","type":"page","link":"https:\/\/polikistikover.net\/yeni\/tup-bebek-ve-polikistik-over\/","title":{"rendered":"T\u00fcp Bebek ve Polikistik Over"},"content":{"rendered":"\n<p class=\"has-text-align-center\"><strong><mark style=\"background-color:rgba(0, 0, 0, 0)\" class=\"has-inline-color has-dark-pink-color\">Ger\u00e7ekten uygulanmas\u0131 gereken durumlar olan ileri derecede sperm bozuklu\u011fu ve her iki t\u00fcp\u00fcnde t\u0131kal\u0131 olmas\u0131 d\u0131\u015f\u0131nda polikistik over sendromu olanlarda t\u00fcp bebek uygulanmas\u0131 do\u011fru de\u011fildir.<\/mark><\/strong><\/p>\n\n\n\n<p class=\"has-text-align-center\"><strong><mark style=\"background-color:rgba(0, 0, 0, 0)\" class=\"has-inline-color has-dark-pink-color\">Polikistik over sendromu olan ve \u00e7ocuk sahibi olmak isteyen kad\u0131nlara \u00e7e\u015fitli nedenlerle \u201dsenin \u00e7ocu\u011fun olmaz, sen k\u0131s\u0131rs\u0131n\u201d veya \u201dt\u00fcp bebek yap\u0131lmas\u0131ndan ba\u015fka \u00e7aren yok\u201d deniliyor. Halbuki, tam tersine polikistik over sendromu olan kad\u0131nlar\u0131n yumurtal\u0131k rezervleri ve \u00fcreme kapasiteleri teorik olarak di\u011fer kad\u0131nlardan daha fazlad\u0131r(1,2,3,4,5,6,7,8).<\/mark><\/strong><\/p>\n\n\n\n<p><strong><mark style=\"background-color:#fbf116\" class=\"has-inline-color\">1-<\/mark><\/strong>Polikistik over sendromu olan kad\u0131nlar\u0131n yar\u0131s\u0131ndan fazlas\u0131 gebeli\u011fi engelleyen ba\u015fka bir neden yoksa herhangi bir tedaviye ihtiya\u00e7 duymadan gebe kalabilmektedir(44). Hatta, gerek olmad\u0131\u011f\u0131 halde yap\u0131lan t\u00fcp bebek tedavisi ile gebe kalamayanlar\u0131n bir k\u0131sm\u0131 da kendili\u011finden bir s\u00fcre sonra gebe kalmaktad\u0131r(49,50,51,52,53,54).<\/p>\n\n\n\n<p><strong><mark style=\"background-color:#f5fa07\" class=\"has-inline-color\">2-<\/mark><\/strong>Polikistik over sendromu olanlar\u0131n sadece bir k\u0131sm\u0131 yumurta geli\u015fimi ve yumurtlama olmamas\u0131 veya gecikmeli olmas\u0131 nedeniyle gebe kalmakta zorluk ya\u015famaktad\u0131r. (1,2,3,4,5,6,7,8,9).<\/p>\n\n\n\n<p><strong><mark style=\"background-color:#f9de0b\" class=\"has-inline-color\">3-<\/mark><\/strong>Polikistik over sendromu nedeniyle gebe kalmakta zorluk ya\u015fayanlara t\u00fcp bebek tedavisi yap\u0131lmas\u0131na gerek yoktur(10,11,12,13,14,15,16,17,18,19,20,21,22).<\/p>\n\n\n\n<p class=\"has-text-align-center\"><strong><mark style=\"background-color:rgba(0, 0, 0, 0)\" class=\"has-inline-color has-dark-pink-color\">T\u00fcp bebek tedavisinin yenido\u011fan bebekte ve daha sonraki geli\u015fim d\u00f6nemlerinde otizm (autism) gibi yan etkilere neden oldu\u011fu son zamanlarda anla\u015f\u0131lm\u0131\u015ft\u0131r. Genlerin etkinli\u011finin (expression) de\u011fi\u015fmesi (DNA methylation) (epigenetics) sonucunda otizm ortaya \u00e7\u0131kmaktad\u0131r. (23,24,25,26,27,28,29,30,31,32,33,34,35,36,37,38,39,40,41,42,43).<\/mark><\/strong><\/p>\n\n\n\n<p>Bu nedenle ger\u00e7ekten uygulanmas\u0131 gereken durumlar olan ileri derecede sperm bozuklu\u011fu ve her iki t\u00fcp\u00fcnde (fallop t\u00fcpleri) t\u0131kal\u0131 olmas\u0131 nedenleri d\u0131\u015f\u0131nda polikistik over sendromu olanlarda t\u00fcp bebek uygulanmas\u0131 do\u011fru de\u011fildir. <\/p>\n\n\n\n<p class=\"has-text-align-center\"><strong><mark style=\"background-color:rgba(0, 0, 0, 0)\" class=\"has-inline-color has-dark-pink-color\">Halbuki, polikistik over sendromu nedeniyle gebe kalmakta zorluk ya\u015fayan kad\u0131nlar \u00e7ok daha zarars\u0131z, kolay uygulanan ve az masrafl\u0131 t\u0131bbi y\u00f6ntemlerle zaten \u00e7ocuk sahibi olabilmektedir. (10,11,12,13,14,15,16,17,18,19,20,21,22).<\/mark><\/strong><\/p>\n\n\n\n<p>Polikistik over sendromu nedeniyle \u00e7ocuk iste\u011fi tedavisine yeni ba\u015flayan yakla\u015f\u0131k 5 kad\u0131ndan birinin e\u015finin sperm say\u0131s\u0131nda ve hareketinde azl\u0131k veya \u015feklinde bozukluk g\u00f6r\u00fcl\u00fcrken, bu kad\u0131nlar\u0131n bir k\u0131sm\u0131n\u0131n da t\u00fcplerinden birinin ya da her ikisinin t\u0131kal\u0131 oldu\u011fu saptanmaktad\u0131r(45,46,47,48). <\/p>\n\n\n\n<p>Bu nedenle \u00e7ocuk iste\u011fi tedavisine ba\u015flamadan \u00f6nce polikistik over sendromu ile birlikte, sperm ile ilgili ve sperm ile yumurtan\u0131n birle\u015fti\u011fi yer olan t\u00fcplerin (fallop t\u00fcpleri) b\u00fct\u00fcnl\u00fc\u011f\u00fcn\u00fcn bozulmas\u0131ndan kaynaklanan sorunlar\u0131n olup olmad\u0131\u011f\u0131n\u0131n belirlenmesi gerekmektedir(45,46). <\/p>\n\n\n\n<p><strong><mark style=\"background-color:rgba(0, 0, 0, 0)\" class=\"has-inline-color has-dark-pink-color\">Ancak, polikistik over sendromu\u2019na ek olarak sperm ve t\u00fcplerle ilgili sorunlar\u0131n da olmas\u0131 durumunda t\u00fcp bebek tedavisi d\u00fc\u015f\u00fcn\u00fclmelidir.<\/mark><\/strong><\/p>\n\n\n\n<p class=\"has-text-align-center\"><strong>Kaynaklar<\/strong><\/p>\n\n\n\n<p>1-Morphology and morphogenesis of the Stein-Leventhal ovary and of so-called \u201chyperthecosis\u201d. Hughesdon PE. Obstet Gynecol Surv. 1982 Feb;37(2):59-77.<\/p>\n\n\n\n<p>2-Abnormal preantral folliculogenesis in polycystic ovaries is associated with increased granulosa cell division. Stubbs SA, Stark J, Dilworth SM, Franks S, Hardy K. J Clin Endocrinol Metab. 2007 Nov;92(11):4418-26.<\/p>\n\n\n\n<p>3-Prolonged survival in culture of preantral follicles from polycystic ovaries. Webber LJ, Stubbs SA, Stark J, Margara RA, Trew GH, Lavery SA, Hardy K, Franks S. J Clin Endocrinol Metab. 2007 May;92(5):1975-8.<\/p>\n\n\n\n<p>4-Formation and early development of follicles in the polycystic ovary. Webber LJ, Stubbs S, Stark J, Trew GH, Margara R, Hardy K, Franks S. Lancet. 2003 Sep 27;362(9389):1017-21.<\/p>\n\n\n\n<p>5-Granulosa cells of polycystic ovaries: are they normal or abnormal? Erickson GF, Magoffin DA, Garzo VG, Cheung AP, Chang RJ. Hum Reprod. 1992 Mar;7(3):293-9.<\/p>\n\n\n\n<p>6-Estradiol production by granulosa cells of normal and polycystic ovaries: relationship to menstrual cycle history and concentrations of gonadotropins and sex steroids in follicular fluid. Mason HD, Willis DS, Beard RW, Winston RM, Margara R, Franks S. J Clin Endocrinol Metab. 1994 Nov;79(5):1355-60.<\/p>\n\n\n\n<p>7-Premature response to luteinizing hormone of granulosa cells from anovulatory women with polycystic ovary syndrome: relevance to mechanism of anovulation. Willis DS, Watson H, Mason HD, Galea R, Brincat M, Franks S. J Clin Endocrinol Metab. 1998 Nov;83(11):3984-91.<\/p>\n\n\n\n<p>8-Etiology of anovulation in polycystic ovary syndrome. Franks S, Mason H, White D, Willis D. Steroids. 1998 May-Jun;63(5-6):306-7.<\/p>\n\n\n\n<p>9-Nutrition, insulin and polycystic ovary syndrome. Franks S, Robinson S, Willis DS. Rev Reprod. 1996 Jan;1(1):47-53.<\/p>\n\n\n\n<p>10-Intrauterine insemination: a UK survey on the adherence to NICE clinical guidelines by fertility clinics. Kim D, Child T, Farquhar C. BMJ Open. 2015 May 15;5(5):e007588.<\/p>\n\n\n\n<p>11-Intrauterine insemination with ovarian stimulation versus expectant management for unexplained infertility (TUI): a pragmatic, open-label, randomised, controlled, two-centre trial. Farquhar CM, Liu E, Armstrong S, Arroll N, Lensen S, Brown J. Lancet. 2018 Feb 3;391(10119):441-450.<\/p>\n\n\n\n<p>12-Prevention of multiple pregnancies in couples with unexplained or mild male subfertility: randomised controlled trial of in vitro fertilisation with single embryo transfer or in vitro fertilisation in modified natural cycle compared with intrauterine insemination with controlled ovarian hyperstimulation. Bensdorp AJ, Tjon-Kon-Fat RI, et al. BMJ. 2015 Jan 9;350:g7771.<\/p>\n\n\n\n<p>13-Is IVF-served two different ways-more cost-effective than IUI with controlled ovarian hyperstimulation? Tjon-Kon-Fat RI, Bensdorp AJ, et al. Hum Reprod. 2015 Oct;30(10):2331-9.<\/p>\n\n\n\n<p>14-IUI: review and systematic assessment of the evidence that supports global recommendations. Cohlen B, Bijkerk A, Van der Poel S, Ombelet W. Hum Reprod Update. 2018 May 1;24(3):300-319.<\/p>\n\n\n\n<p>15-Low-dose FSH therapy for anovulatory infertility associated with polycystic ovary syndrome: rationale, results, reflections and refinements. Homburg R, Howles CM. Hum Reprod Update. 1999 Sep-Oct;5(5):493-9.<\/p>\n\n\n\n<p>16-High singleton live birth rate confirmed after ovulation induction in women with anovulatory polycystic ovary syndrome: validation of a prediction model for clinical practice. Veltman-Verhulst SM, Fauser BC, Eijkemans MJ. Fertil Steril. 2012 Sep;98(3):761-768.e1.<\/p>\n\n\n\n<p>17-PCOS and pregnancy: a review of available therapies to improve the outcome of pregnancy in women with polycystic ovary syndrome. Artini PG, Obino MER, Sergiampietri C, Pinelli S, Papini F, Casarosa E, Cela V. Expert Rev Endocrinol Metab. 2018 Mar;13(2):87-98.<\/p>\n\n\n\n<p>18-Clomiphene citrate and intrauterine insemination: analysis of more than 4100 cycles. Dovey S, Sneeringer RM, Penzias AS. Fertil Steril. 2008 Dec;90(6):2281-6.<\/p>\n\n\n\n<p>19-Factors affecting the pregnancy rate in clomiphene citrate induction of ovulation. Hammond MG, Halme JK, Talbert LM. Obstet Gynecol. 1983 Aug;62(2):196-202.<\/p>\n\n\n\n<p>20-Clomiphene citrate\u2013end of an era? A mini-review. Homburg R. Hum Reprod. 2005 Aug;20(8):2043-51.<\/p>\n\n\n\n<p>21-Double-blind randomized controlled trial of letrozole versus clomiphene citrate in subfertile women with polycystic ovarian syndrome. Amer SA, Smith J, Mahran A, Fox P, Fakis A. Hum Reprod. 2017 Aug 1;32(8):1631-1638.<\/p>\n","protected":false},"excerpt":{"rendered":"<p>Ger\u00e7ekten uygulanmas\u0131 gereken durumlar olan ileri derecede sperm bozuklu\u011fu ve her iki t\u00fcp\u00fcnde t\u0131kal\u0131 olmas\u0131 d\u0131\u015f\u0131nda polikistik over sendromu olanlarda t\u00fcp bebek uygulanmas\u0131 do\u011fru de\u011fildir. Polikistik over sendromu olan ve \u00e7ocuk sahibi olmak isteyen kad\u0131nlara \u00e7e\u015fitli nedenlerle \u201dsenin \u00e7ocu\u011fun olmaz, sen k\u0131s\u0131rs\u0131n\u201d veya \u201dt\u00fcp bebek yap\u0131lmas\u0131ndan ba\u015fka \u00e7aren yok\u201d deniliyor. Halbuki, tam tersine polikistik over [&hellip;]<\/p>\n","protected":false},"author":1,"featured_media":0,"parent":0,"menu_order":0,"comment_status":"closed","ping_status":"closed","template":"","meta":{"footnotes":""},"class_list":["post-8304","page","type-page","status-publish","hentry"],"_links":{"self":[{"href":"https:\/\/polikistikover.net\/yeni\/wp-json\/wp\/v2\/pages\/8304","targetHints":{"allow":["GET"]}}],"collection":[{"href":"https:\/\/polikistikover.net\/yeni\/wp-json\/wp\/v2\/pages"}],"about":[{"href":"https:\/\/polikistikover.net\/yeni\/wp-json\/wp\/v2\/types\/page"}],"author":[{"embeddable":true,"href":"https:\/\/polikistikover.net\/yeni\/wp-json\/wp\/v2\/users\/1"}],"replies":[{"embeddable":true,"href":"https:\/\/polikistikover.net\/yeni\/wp-json\/wp\/v2\/comments?post=8304"}],"version-history":[{"count":7,"href":"https:\/\/polikistikover.net\/yeni\/wp-json\/wp\/v2\/pages\/8304\/revisions"}],"predecessor-version":[{"id":11502,"href":"https:\/\/polikistikover.net\/yeni\/wp-json\/wp\/v2\/pages\/8304\/revisions\/11502"}],"wp:attachment":[{"href":"https:\/\/polikistikover.net\/yeni\/wp-json\/wp\/v2\/media?parent=8304"}],"curies":[{"name":"wp","href":"https:\/\/api.w.org\/{rel}","templated":true}]}}